{"id":249,"date":"2023-09-19T12:58:59","date_gmt":"2023-09-19T10:58:59","guid":{"rendered":"https:\/\/www.lehrer.at\/uno\/?page_id=249"},"modified":"2023-09-26T13:52:20","modified_gmt":"2023-09-26T11:52:20","slug":"menschenrechte","status":"publish","type":"page","link":"https:\/\/www.lehrer.at\/uno\/menschenrechte\/","title":{"rendered":"Menschenrechte"},"content":{"rendered":"\n<h3 class=\"wp-block-heading\">Menschenrechte<\/h3>\n\n\n\n<p>Dieses Kurzpaket soll \u00f6sterreichische P\u00e4dagogInnen der Sekundarstufe dabei unterst\u00fctzen, ihren Sch\u00fclerInnen das Thema \u201eMenschenrechte\u201c und die Rolle der UNO in diesem Zusammenhang im Unterricht n\u00e4herzubringen.<\/p>\n\n\n\n<h4 class=\"wp-block-heading\">Lernziele<\/h4>\n\n\n\n<p>Die Sch\u00fclerInnen<\/p>\n\n\n\n<ul class=\"wp-block-list\">\n<li>erwerben Grundkenntnisse zur Allgemeinen Erkl\u00e4rung der Menschenrechte.<\/li>\n\n\n\n<li>entwickeln Verst\u00e4ndnis f\u00fcr die Prinzipien der Menschenrechte.<\/li>\n\n\n\n<li>lernen die Rolle der UNO im weltweiten Einsatz f\u00fcr die Einhaltung von Menschenrechten kennen.<\/li>\n<\/ul>\n\n\n\n<div style=\"height:10px\" aria-hidden=\"true\" class=\"wp-block-spacer\"><\/div>\n\n\n<figure class=\"wp-block-table aligncenter tabelle_weiss\" style=\"padding-right: 0; padding-left: 0;\">\n<table class=\"has-ast-global-color-0-background-color has-background has-border-color has-ast-global-color-5-border-color has-fixed-layout\" style=\"border-width: 1px;\">\n<tbody>\n<tr>\n<td class=\"has-text-align-left\" data-align=\"left\"><strong><a href=\"https:\/\/www.lehrer.at\/uno\/wp-content\/uploads\/sites\/11\/2023\/09\/Menschenrechte_li.pdf\" target=\"_blank\" rel=\"noreferrer noopener\">Information f\u00fcr Lehrkr\u00e4fte<\/a><\/strong><\/td>\n<td class=\"has-text-align-left\" data-align=\"left\"><a href=\"https:\/\/www.lehrer.at\/uno\/wp-content\/uploads\/sites\/11\/2023\/09\/Menschenrechte_ab1.pdf\" target=\"_blank\" rel=\"noreferrer noopener\"><strong>Arbeitsblatt 1: &#8222;Alles was Recht ist?&#8220;<\/strong><\/a><br \/>Einfache Wissensfragen rund um Menschenrechte<\/td>\n<\/tr>\n<tr>\n<td class=\"has-text-align-left\" data-align=\"left\"><strong><a href=\"https:\/\/www.lehrer.at\/uno\/wp-content\/uploads\/sites\/11\/2023\/09\/Menschenrechte_info1.pdf\" target=\"_blank\" rel=\"noopener\">Infoblatt &#8222;Pr\u00e4ambel zur Menschenrechtserkl\u00e4rung&#8220;<\/a><\/strong><\/td>\n<td class=\"has-text-align-left\" data-align=\"left\"><a href=\"https:\/\/www.lehrer.at\/uno\/wp-content\/uploads\/sites\/11\/2023\/09\/Menschenrechte_info2.pdf\" target=\"_blank\" rel=\"noopener\"><strong>Infoblatt<\/strong> <strong>&#8222;Menschenrechtserkl\u00e4rung&#8220;<\/strong> (Artikel 1-30)<\/a><\/td>\n<\/tr>\n<tr>\n<td class=\"has-text-align-left\" data-align=\"left\"><strong><a href=\"https:\/\/www.lehrer.at\/uno\/wp-content\/uploads\/sites\/11\/2023\/09\/Menschenrechte_ab2.pdf\" target=\"_blank\" rel=\"noopener\">Arbeitsblatt &#8222;Menschenrechte nachgefragt&#8220;<\/a><br \/><\/strong>Fragenkatalog zum Video: <a href=\"https:\/\/www.youtube.com\/watch?v=12uKuORCyBM\">\u201eWissenswerte Erkl\u00e4rfilme \u2013 Menschenrechte\u201c<\/a><\/td>\n<td class=\"has-text-align-left\" style=\"background-color: white;\" data-align=\"left\">\u00a0<\/td>\n<\/tr>\n<\/tbody>\n<\/table>\n<\/figure>","protected":false},"excerpt":{"rendered":"<p>Menschenrechte Dieses Kurzpaket soll \u00f6sterreichische P\u00e4dagogInnen der Sekundarstufe dabei unterst\u00fctzen, ihren Sch\u00fclerInnen das Thema \u201eMenschenrechte\u201c und die Rolle der UNO in diesem Zusammenhang im Unterricht n\u00e4herzubringen. Lernziele Die Sch\u00fclerInnen Information f\u00fcr Lehrkr\u00e4fte Arbeitsblatt 1: &#8222;Alles was Recht ist?&#8220;Einfache Wissensfragen rund um Menschenrechte Infoblatt &#8222;Pr\u00e4ambel zur Menschenrechtserkl\u00e4rung&#8220; Infoblatt &#8222;Menschenrechtserkl\u00e4rung&#8220; (Artikel 1-30) Arbeitsblatt &#8222;Menschenrechte nachgefragt&#8220;Fragenkatalog zum Video: [&hellip;]<\/p>\n","protected":false},"author":3,"featured_media":0,"parent":0,"menu_order":0,"comment_status":"closed","ping_status":"closed","template":"","meta":{"_acf_changed":false,"site-sidebar-layout":"default","site-content-layout":"","ast-site-content-layout":"default","site-content-style":"default","site-sidebar-style":"default","ast-global-header-display":"","ast-banner-title-visibility":"","ast-main-header-display":"","ast-hfb-above-header-display":"","ast-hfb-below-header-display":"","ast-hfb-mobile-header-display":"","site-post-title":"","ast-breadcrumbs-content":"","ast-featured-img":"","footer-sml-layout":"","theme-transparent-header-meta":"","adv-header-id-meta":"","stick-header-meta":"","header-above-stick-meta":"","header-main-stick-meta":"","header-below-stick-meta":"","astra-migrate-meta-layouts":"default","ast-page-background-enabled":"default","ast-page-background-meta":{"desktop":{"background-color":"var(--ast-global-color-4)","background-image":"","background-repeat":"repeat","background-position":"center center","background-size":"auto","background-attachment":"scroll","background-type":"","background-media":"","overlay-type":"","overlay-color":"","overlay-opacity":"","overlay-gradient":""},"tablet":{"background-color":"","background-image":"","background-repeat":"repeat","background-position":"center center","background-size":"auto","background-attachment":"scroll","background-type":"","background-media":"","overlay-type":"","overlay-color":"","overlay-opacity":"","overlay-gradient":""},"mobile":{"background-color":"","background-image":"","background-repeat":"repeat","background-position":"center center","background-size":"auto","background-attachment":"scroll","background-type":"","background-media":"","overlay-type":"","overlay-color":"","overlay-opacity":"","overlay-gradient":""}},"ast-content-background-meta":{"desktop":{"background-color":"var(--ast-global-color-5)","background-image":"","background-repeat":"repeat","background-position":"center center","background-size":"auto","background-attachment":"scroll","background-type":"","background-media":"","overlay-type":"","overlay-color":"","overlay-opacity":"","overlay-gradient":""},"tablet":{"background-color":"var(--ast-global-color-5)","background-image":"","background-repeat":"repeat","background-position":"center center","background-size":"auto","background-attachment":"scroll","background-type":"","background-media":"","overlay-type":"","overlay-color":"","overlay-opacity":"","overlay-gradient":""},"mobile":{"background-color":"var(--ast-global-color-5)","background-image":"","background-repeat":"repeat","background-position":"center center","background-size":"auto","background-attachment":"scroll","background-type":"","background-media":"","overlay-type":"","overlay-color":"","overlay-opacity":"","overlay-gradient":""}},"footnotes":""},"class_list":["post-249","page","type-page","status-publish","hentry"],"acf":[],"yoast_head":"<!-- This site is optimized with the Yoast SEO plugin v27.0 - https:\/\/yoast.com\/product\/yoast-seo-wordpress\/ -->\n<title>Menschenrechte -<\/title>\n<meta name=\"robots\" content=\"index, follow, max-snippet:-1, max-image-preview:large, max-video-preview:-1\" \/>\n<link rel=\"canonical\" href=\"https:\/\/www.lehrer.at\/uno\/menschenrechte\/\" \/>\n<meta property=\"og:locale\" content=\"de_DE\" \/>\n<meta property=\"og:type\" content=\"article\" \/>\n<meta property=\"og:title\" content=\"Menschenrechte -\" \/>\n<meta property=\"og:description\" content=\"Menschenrechte Dieses Kurzpaket soll \u00f6sterreichische P\u00e4dagogInnen der Sekundarstufe dabei unterst\u00fctzen, ihren Sch\u00fclerInnen das Thema \u201eMenschenrechte\u201c und die Rolle der UNO in diesem Zusammenhang im Unterricht n\u00e4herzubringen. Lernziele Die Sch\u00fclerInnen Information f\u00fcr Lehrkr\u00e4fte Arbeitsblatt 1: &#8222;Alles was Recht ist?&#8220;Einfache Wissensfragen rund um Menschenrechte Infoblatt &#8222;Pr\u00e4ambel zur Menschenrechtserkl\u00e4rung&#8220; Infoblatt &#8222;Menschenrechtserkl\u00e4rung&#8220; (Artikel 1-30) Arbeitsblatt &#8222;Menschenrechte nachgefragt&#8220;Fragenkatalog zum Video: [&hellip;]\" \/>\n<meta property=\"og:url\" content=\"https:\/\/www.lehrer.at\/uno\/menschenrechte\/\" \/>\n<meta property=\"article:modified_time\" content=\"2023-09-26T11:52:20+00:00\" \/>\n<meta name=\"twitter:card\" content=\"summary_large_image\" \/>\n<meta name=\"twitter:label1\" content=\"Gesch\u00e4tzte Lesezeit\" \/>\n\t<meta name=\"twitter:data1\" content=\"1 Minute\" \/>\n<script type=\"application\/ld+json\" class=\"yoast-schema-graph\">{\"@context\":\"https:\/\/schema.org\",\"@graph\":[{\"@type\":\"WebPage\",\"@id\":\"https:\/\/www.lehrer.at\/uno\/menschenrechte\/\",\"url\":\"https:\/\/www.lehrer.at\/uno\/menschenrechte\/\",\"name\":\"Menschenrechte -\",\"isPartOf\":{\"@id\":\"https:\/\/www.lehrer.at\/uno\/#website\"},\"datePublished\":\"2023-09-19T10:58:59+00:00\",\"dateModified\":\"2023-09-26T11:52:20+00:00\",\"breadcrumb\":{\"@id\":\"https:\/\/www.lehrer.at\/uno\/menschenrechte\/#breadcrumb\"},\"inLanguage\":\"de-AT\",\"potentialAction\":[{\"@type\":\"ReadAction\",\"target\":[\"https:\/\/www.lehrer.at\/uno\/menschenrechte\/\"]}]},{\"@type\":\"BreadcrumbList\",\"@id\":\"https:\/\/www.lehrer.at\/uno\/menschenrechte\/#breadcrumb\",\"itemListElement\":[{\"@type\":\"ListItem\",\"position\":1,\"name\":\"Startseite\",\"item\":\"https:\/\/www.lehrer.at\/uno\/\"},{\"@type\":\"ListItem\",\"position\":2,\"name\":\"Menschenrechte\"}]},{\"@type\":\"WebSite\",\"@id\":\"https:\/\/www.lehrer.at\/uno\/#website\",\"url\":\"https:\/\/www.lehrer.at\/uno\/\",\"name\":\"\",\"description\":\"\",\"potentialAction\":[{\"@type\":\"SearchAction\",\"target\":{\"@type\":\"EntryPoint\",\"urlTemplate\":\"https:\/\/www.lehrer.at\/uno\/?s={search_term_string}\"},\"query-input\":{\"@type\":\"PropertyValueSpecification\",\"valueRequired\":true,\"valueName\":\"search_term_string\"}}],\"inLanguage\":\"de-AT\"}]}<\/script>\n<!-- \/ Yoast SEO plugin. -->","yoast_head_json":{"title":"Menschenrechte -","robots":{"index":"index","follow":"follow","max-snippet":"max-snippet:-1","max-image-preview":"max-image-preview:large","max-video-preview":"max-video-preview:-1"},"canonical":"https:\/\/www.lehrer.at\/uno\/menschenrechte\/","og_locale":"de_DE","og_type":"article","og_title":"Menschenrechte -","og_description":"Menschenrechte Dieses Kurzpaket soll \u00f6sterreichische P\u00e4dagogInnen der Sekundarstufe dabei unterst\u00fctzen, ihren Sch\u00fclerInnen das Thema \u201eMenschenrechte\u201c und die Rolle der UNO in diesem Zusammenhang im Unterricht n\u00e4herzubringen. Lernziele Die Sch\u00fclerInnen Information f\u00fcr Lehrkr\u00e4fte Arbeitsblatt 1: &#8222;Alles was Recht ist?&#8220;Einfache Wissensfragen rund um Menschenrechte Infoblatt &#8222;Pr\u00e4ambel zur Menschenrechtserkl\u00e4rung&#8220; Infoblatt &#8222;Menschenrechtserkl\u00e4rung&#8220; (Artikel 1-30) Arbeitsblatt &#8222;Menschenrechte nachgefragt&#8220;Fragenkatalog zum Video: [&hellip;]","og_url":"https:\/\/www.lehrer.at\/uno\/menschenrechte\/","article_modified_time":"2023-09-26T11:52:20+00:00","twitter_card":"summary_large_image","twitter_misc":{"Gesch\u00e4tzte Lesezeit":"1 Minute"},"schema":{"@context":"https:\/\/schema.org","@graph":[{"@type":"WebPage","@id":"https:\/\/www.lehrer.at\/uno\/menschenrechte\/","url":"https:\/\/www.lehrer.at\/uno\/menschenrechte\/","name":"Menschenrechte -","isPartOf":{"@id":"https:\/\/www.lehrer.at\/uno\/#website"},"datePublished":"2023-09-19T10:58:59+00:00","dateModified":"2023-09-26T11:52:20+00:00","breadcrumb":{"@id":"https:\/\/www.lehrer.at\/uno\/menschenrechte\/#breadcrumb"},"inLanguage":"de-AT","potentialAction":[{"@type":"ReadAction","target":["https:\/\/www.lehrer.at\/uno\/menschenrechte\/"]}]},{"@type":"BreadcrumbList","@id":"https:\/\/www.lehrer.at\/uno\/menschenrechte\/#breadcrumb","itemListElement":[{"@type":"ListItem","position":1,"name":"Startseite","item":"https:\/\/www.lehrer.at\/uno\/"},{"@type":"ListItem","position":2,"name":"Menschenrechte"}]},{"@type":"WebSite","@id":"https:\/\/www.lehrer.at\/uno\/#website","url":"https:\/\/www.lehrer.at\/uno\/","name":"","description":"","potentialAction":[{"@type":"SearchAction","target":{"@type":"EntryPoint","urlTemplate":"https:\/\/www.lehrer.at\/uno\/?s={search_term_string}"},"query-input":{"@type":"PropertyValueSpecification","valueRequired":true,"valueName":"search_term_string"}}],"inLanguage":"de-AT"}]}},"_links":{"self":[{"href":"https:\/\/www.lehrer.at\/uno\/wp-json\/wp\/v2\/pages\/249","targetHints":{"allow":["GET"]}}],"collection":[{"href":"https:\/\/www.lehrer.at\/uno\/wp-json\/wp\/v2\/pages"}],"about":[{"href":"https:\/\/www.lehrer.at\/uno\/wp-json\/wp\/v2\/types\/page"}],"author":[{"embeddable":true,"href":"https:\/\/www.lehrer.at\/uno\/wp-json\/wp\/v2\/users\/3"}],"replies":[{"embeddable":true,"href":"https:\/\/www.lehrer.at\/uno\/wp-json\/wp\/v2\/comments?post=249"}],"version-history":[{"count":7,"href":"https:\/\/www.lehrer.at\/uno\/wp-json\/wp\/v2\/pages\/249\/revisions"}],"predecessor-version":[{"id":358,"href":"https:\/\/www.lehrer.at\/uno\/wp-json\/wp\/v2\/pages\/249\/revisions\/358"}],"wp:attachment":[{"href":"https:\/\/www.lehrer.at\/uno\/wp-json\/wp\/v2\/media?parent=249"}],"curies":[{"name":"wp","href":"https:\/\/api.w.org\/{rel}","templated":true}]}}