{"id":208,"date":"2023-09-19T10:50:26","date_gmt":"2023-09-19T08:50:26","guid":{"rendered":"https:\/\/www.lehrer.at\/uno\/?page_id=208"},"modified":"2023-09-28T09:30:10","modified_gmt":"2023-09-28T07:30:10","slug":"ziele-fuer-die-welt","status":"publish","type":"page","link":"https:\/\/www.lehrer.at\/uno\/ziele-fuer-die-welt\/","title":{"rendered":"Ziele f\u00fcr die Welt"},"content":{"rendered":"\n<h3 class=\"wp-block-heading\"><strong>Ziele f\u00fcr die Welt <\/strong><\/h3>\n\n\n\n<p>Diese Materialien sollen \u00f6sterreichische P\u00e4dagogInnen der Sekundarstufe dabei unterst\u00fctzen, ihren Sch\u00fclerInnen Inhalt und Bedeutung der Millenniums-Entwicklungsziele (MDGs \u2013 Millennium Development Goals) sowie der Post-2015-Entwicklungsagenda (SDGs \u2013 Sustainable Development Goals \u2013 nachhaltige Entwicklungsziele) im Unterricht n\u00e4herzubringen.<\/p>\n\n\n\n<h4 class=\"wp-block-heading\">Lernziele<\/h4>\n\n\n\n<p>Die Sch\u00fclerInnen<\/p>\n\n\n\n<ul class=\"wp-block-list\">\n<li>setzen sich mit der Frage auseinander, was f\u00fcr sie Lebensqualit\u00e4t bedeutet und was sie f\u00fcr ihr Leben als lebensnotwendig erachten.<\/li>\n\n\n\n<li>erkennen, dass die individuelle Definition von \u201eLebensnotwendigem\u201c und \u201eLebensqualit\u00e4t\u201c je nach sozialer, kultureller und geografischer Herkunft variieren kann.<\/li>\n\n\n\n<li>kennen die Bedeutung der Millenniumserkl\u00e4rung sowie die acht Entwicklungsziele und wissen \u00fcber den Fortschritt bei deren Erreichung Bescheid.<\/li>\n\n\n\n<li>erfahren mehr \u00fcber den Entwicklungsstand der Post-2015-Entwicklungsagenda und kennen die wesentlichen Unterschiede zur Millenniumserkl\u00e4rung.<\/li>\n<\/ul>\n\n\n\n<div style=\"height:10px\" aria-hidden=\"true\" class=\"wp-block-spacer\"><\/div>\n\n\n<figure class=\"wp-block-table aligncenter tabelle_weiss\" style=\"padding-right: 0; padding-left: 0;\">\n<table class=\"has-ast-global-color-0-background-color has-background has-border-color has-ast-global-color-5-border-color has-fixed-layout\" style=\"border-width: 1px;\">\n<tbody>\n<tr>\n<td class=\"has-text-align-left\" data-align=\"left\"><strong><a href=\"https:\/\/www.lehrer.at\/uno\/wp-content\/uploads\/sites\/11\/2023\/09\/Millenniumsziele_li.pdf\" target=\"_blank\" rel=\"noreferrer noopener\">Information f\u00fcr Lehrkr\u00e4fte<\/a><\/strong><\/td>\n<td class=\"has-text-align-left\" data-align=\"left\"><a href=\"https:\/\/www.lehrer.at\/uno\/wp-content\/uploads\/sites\/11\/2023\/09\/Millenniumsziele_ab1.pdf\" target=\"_blank\" rel=\"noreferrer noopener\"><strong>Arbeitsblatt 1: Ein Blick in die Welt<\/strong><\/a><br \/>Kurzbeschreibungen der Leben von Kindern und Jugendlichen in Entwicklungsl\u00e4ndern.<\/td>\n<\/tr>\n<tr>\n<td class=\"has-text-align-left\" data-align=\"left\"><strong><a href=\"https:\/\/www.lehrer.at\/uno\/wp-content\/uploads\/sites\/11\/2023\/09\/Millenniumsziele_ab2.pdf\" target=\"_blank\" rel=\"noreferrer noopener\">Arbeitsblatt 2: Gemeinsam f\u00fcr eine bessere Welt<\/a><br \/><\/strong>Kurzmeldungen zu verschiedenen globalen Problembereichen<\/td>\n<td class=\"has-text-align-left\" data-align=\"left\"><strong><a href=\"https:\/\/www.lehrer.at\/uno\/wp-content\/uploads\/sites\/11\/2023\/09\/Millenniumsziele_ab3.pdf\" target=\"_blank\" rel=\"noreferrer noopener\">Arbeitsblatt 3: Ziele f\u00fcr eine bessere Welt?<br \/><\/a><\/strong>Karten mit globalen Problemen f\u00fcr Brainstorming bzw. Plakatgestaltung<\/td>\n<\/tr>\n<tr>\n<td class=\"has-text-align-left\" data-align=\"left\"><strong><a href=\"https:\/\/www.lehrer.at\/uno\/wp-content\/uploads\/sites\/11\/2023\/09\/Millenniumsziele_ab4.pdf\" target=\"_blank\" rel=\"noreferrer noopener\">Arbeitsblatt 4: Was wurde aus den Millenniumszielen?<\/a><\/strong><br \/>Fachartikel zu \u201eNachhaltige Entwicklung f\u00fcr alle&#8220;<\/td>\n<td class=\"has-text-align-left\" data-align=\"left\"><strong><a href=\"https:\/\/www.lehrer.at\/uno\/wp-content\/uploads\/sites\/11\/2023\/09\/Millenniumsziele_ab5.pdf\" target=\"_blank\" rel=\"noreferrer noopener\">Arbeitsblatt 5: Was kommt nach 2015?<\/a><\/strong><br \/>Text zum Video \u201eWas kommt nach 2015 \u2013 in welcher Welt wollen wir eigentlich leben?\u201c<\/td>\n<\/tr>\n<tr>\n<td class=\"has-text-align-left\" data-align=\"left\"><strong><a href=\"https:\/\/www.lehrer.at\/uno\/wp-content\/uploads\/sites\/11\/2023\/09\/Millenniumsziele_f1.pdf\" target=\"_blank\" rel=\"noreferrer noopener\">Folie 1: Ziele f\u00fcr eine bessere Welt?<\/a><br \/><\/strong>Stichworte zur Erarbeitung von Zielen f\u00fcr die Post-2015-Entwicklungsagenda<\/td>\n<td class=\"has-text-align-left\" data-align=\"left\"><strong><a href=\"https:\/\/www.lehrer.at\/uno\/wp-content\/uploads\/sites\/11\/2023\/09\/Millenniumsziele_ab6.pdf\" target=\"_blank\" rel=\"noreferrer noopener\">Arbeitsblatt 6: Ziele f\u00fcr die Welt<\/a><br \/><\/strong>Kreuzwortr\u00e4tsel zur spielerischen Wiederholung des Themas<\/td>\n<\/tr>\n<tr>\n<td class=\"has-text-align-left\" data-align=\"left\"><strong><a href=\"https:\/\/www.lehrer.at\/uno\/wp-content\/uploads\/sites\/11\/2023\/09\/Millenniumsziele_quiz.pdf\" target=\"_blank\" rel=\"noreferrer noopener\">Quizkarten: F\u00fcr eine bessere Welt<\/a><br \/><\/strong>kurzweiliges Quiz zum Wiederholen der wichtigsten Daten und Fakten zu den Millenniumszielen und den Sustainable Development Goals.<\/td>\n<td class=\"has-text-align-left\" style=\"background-color: white;\" data-align=\"left\">\u00a0<\/td>\n<\/tr>\n<\/tbody>\n<\/table>\n<\/figure>","protected":false},"excerpt":{"rendered":"<p>Ziele f\u00fcr die Welt Diese Materialien sollen \u00f6sterreichische P\u00e4dagogInnen der Sekundarstufe dabei unterst\u00fctzen, ihren Sch\u00fclerInnen Inhalt und Bedeutung der Millenniums-Entwicklungsziele (MDGs \u2013 Millennium Development Goals) sowie der Post-2015-Entwicklungsagenda (SDGs \u2013 Sustainable Development Goals \u2013 nachhaltige Entwicklungsziele) im Unterricht n\u00e4herzubringen. Lernziele Die Sch\u00fclerInnen Information f\u00fcr Lehrkr\u00e4fte Arbeitsblatt 1: Ein Blick in die WeltKurzbeschreibungen der Leben von [&hellip;]<\/p>\n","protected":false},"author":3,"featured_media":0,"parent":0,"menu_order":0,"comment_status":"closed","ping_status":"closed","template":"","meta":{"_acf_changed":false,"site-sidebar-layout":"default","site-content-layout":"","ast-site-content-layout":"default","site-content-style":"default","site-sidebar-style":"default","ast-global-header-display":"","ast-banner-title-visibility":"","ast-main-header-display":"","ast-hfb-above-header-display":"","ast-hfb-below-header-display":"","ast-hfb-mobile-header-display":"","site-post-title":"","ast-breadcrumbs-content":"","ast-featured-img":"","footer-sml-layout":"","theme-transparent-header-meta":"","adv-header-id-meta":"","stick-header-meta":"","header-above-stick-meta":"","header-main-stick-meta":"","header-below-stick-meta":"","astra-migrate-meta-layouts":"default","ast-page-background-enabled":"default","ast-page-background-meta":{"desktop":{"background-color":"var(--ast-global-color-4)","background-image":"","background-repeat":"repeat","background-position":"center center","background-size":"auto","background-attachment":"scroll","background-type":"","background-media":"","overlay-type":"","overlay-color":"","overlay-opacity":"","overlay-gradient":""},"tablet":{"background-color":"","background-image":"","background-repeat":"repeat","background-position":"center center","background-size":"auto","background-attachment":"scroll","background-type":"","background-media":"","overlay-type":"","overlay-color":"","overlay-opacity":"","overlay-gradient":""},"mobile":{"background-color":"","background-image":"","background-repeat":"repeat","background-position":"center center","background-size":"auto","background-attachment":"scroll","background-type":"","background-media":"","overlay-type":"","overlay-color":"","overlay-opacity":"","overlay-gradient":""}},"ast-content-background-meta":{"desktop":{"background-color":"var(--ast-global-color-5)","background-image":"","background-repeat":"repeat","background-position":"center center","background-size":"auto","background-attachment":"scroll","background-type":"","background-media":"","overlay-type":"","overlay-color":"","overlay-opacity":"","overlay-gradient":""},"tablet":{"background-color":"var(--ast-global-color-5)","background-image":"","background-repeat":"repeat","background-position":"center center","background-size":"auto","background-attachment":"scroll","background-type":"","background-media":"","overlay-type":"","overlay-color":"","overlay-opacity":"","overlay-gradient":""},"mobile":{"background-color":"var(--ast-global-color-5)","background-image":"","background-repeat":"repeat","background-position":"center center","background-size":"auto","background-attachment":"scroll","background-type":"","background-media":"","overlay-type":"","overlay-color":"","overlay-opacity":"","overlay-gradient":""}},"footnotes":""},"class_list":["post-208","page","type-page","status-publish","hentry"],"acf":[],"yoast_head":"<!-- This site is optimized with the Yoast SEO plugin v27.0 - https:\/\/yoast.com\/product\/yoast-seo-wordpress\/ -->\n<title>Ziele f\u00fcr die Welt -<\/title>\n<meta name=\"robots\" content=\"index, follow, max-snippet:-1, max-image-preview:large, max-video-preview:-1\" \/>\n<link rel=\"canonical\" href=\"https:\/\/www.lehrer.at\/uno\/ziele-fuer-die-welt\/\" \/>\n<meta property=\"og:locale\" content=\"de_DE\" \/>\n<meta property=\"og:type\" content=\"article\" \/>\n<meta property=\"og:title\" content=\"Ziele f\u00fcr die Welt -\" \/>\n<meta property=\"og:description\" content=\"Ziele f\u00fcr die Welt Diese Materialien sollen \u00f6sterreichische P\u00e4dagogInnen der Sekundarstufe dabei unterst\u00fctzen, ihren Sch\u00fclerInnen Inhalt und Bedeutung der Millenniums-Entwicklungsziele (MDGs \u2013 Millennium Development Goals) sowie der Post-2015-Entwicklungsagenda (SDGs \u2013 Sustainable Development Goals \u2013 nachhaltige Entwicklungsziele) im Unterricht n\u00e4herzubringen. Lernziele Die Sch\u00fclerInnen Information f\u00fcr Lehrkr\u00e4fte Arbeitsblatt 1: Ein Blick in die WeltKurzbeschreibungen der Leben von [&hellip;]\" \/>\n<meta property=\"og:url\" content=\"https:\/\/www.lehrer.at\/uno\/ziele-fuer-die-welt\/\" \/>\n<meta property=\"article:modified_time\" content=\"2023-09-28T07:30:10+00:00\" \/>\n<meta name=\"twitter:card\" content=\"summary_large_image\" \/>\n<meta name=\"twitter:label1\" content=\"Gesch\u00e4tzte Lesezeit\" \/>\n\t<meta name=\"twitter:data1\" content=\"1 Minute\" \/>\n<script type=\"application\/ld+json\" class=\"yoast-schema-graph\">{\"@context\":\"https:\/\/schema.org\",\"@graph\":[{\"@type\":\"WebPage\",\"@id\":\"https:\/\/www.lehrer.at\/uno\/ziele-fuer-die-welt\/\",\"url\":\"https:\/\/www.lehrer.at\/uno\/ziele-fuer-die-welt\/\",\"name\":\"Ziele f\u00fcr die Welt -\",\"isPartOf\":{\"@id\":\"https:\/\/www.lehrer.at\/uno\/#website\"},\"datePublished\":\"2023-09-19T08:50:26+00:00\",\"dateModified\":\"2023-09-28T07:30:10+00:00\",\"breadcrumb\":{\"@id\":\"https:\/\/www.lehrer.at\/uno\/ziele-fuer-die-welt\/#breadcrumb\"},\"inLanguage\":\"de-AT\",\"potentialAction\":[{\"@type\":\"ReadAction\",\"target\":[\"https:\/\/www.lehrer.at\/uno\/ziele-fuer-die-welt\/\"]}]},{\"@type\":\"BreadcrumbList\",\"@id\":\"https:\/\/www.lehrer.at\/uno\/ziele-fuer-die-welt\/#breadcrumb\",\"itemListElement\":[{\"@type\":\"ListItem\",\"position\":1,\"name\":\"Startseite\",\"item\":\"https:\/\/www.lehrer.at\/uno\/\"},{\"@type\":\"ListItem\",\"position\":2,\"name\":\"Ziele f\u00fcr die Welt\"}]},{\"@type\":\"WebSite\",\"@id\":\"https:\/\/www.lehrer.at\/uno\/#website\",\"url\":\"https:\/\/www.lehrer.at\/uno\/\",\"name\":\"\",\"description\":\"\",\"potentialAction\":[{\"@type\":\"SearchAction\",\"target\":{\"@type\":\"EntryPoint\",\"urlTemplate\":\"https:\/\/www.lehrer.at\/uno\/?s={search_term_string}\"},\"query-input\":{\"@type\":\"PropertyValueSpecification\",\"valueRequired\":true,\"valueName\":\"search_term_string\"}}],\"inLanguage\":\"de-AT\"}]}<\/script>\n<!-- \/ Yoast SEO plugin. -->","yoast_head_json":{"title":"Ziele f\u00fcr die Welt -","robots":{"index":"index","follow":"follow","max-snippet":"max-snippet:-1","max-image-preview":"max-image-preview:large","max-video-preview":"max-video-preview:-1"},"canonical":"https:\/\/www.lehrer.at\/uno\/ziele-fuer-die-welt\/","og_locale":"de_DE","og_type":"article","og_title":"Ziele f\u00fcr die Welt -","og_description":"Ziele f\u00fcr die Welt Diese Materialien sollen \u00f6sterreichische P\u00e4dagogInnen der Sekundarstufe dabei unterst\u00fctzen, ihren Sch\u00fclerInnen Inhalt und Bedeutung der Millenniums-Entwicklungsziele (MDGs \u2013 Millennium Development Goals) sowie der Post-2015-Entwicklungsagenda (SDGs \u2013 Sustainable Development Goals \u2013 nachhaltige Entwicklungsziele) im Unterricht n\u00e4herzubringen. Lernziele Die Sch\u00fclerInnen Information f\u00fcr Lehrkr\u00e4fte Arbeitsblatt 1: Ein Blick in die WeltKurzbeschreibungen der Leben von [&hellip;]","og_url":"https:\/\/www.lehrer.at\/uno\/ziele-fuer-die-welt\/","article_modified_time":"2023-09-28T07:30:10+00:00","twitter_card":"summary_large_image","twitter_misc":{"Gesch\u00e4tzte Lesezeit":"1 Minute"},"schema":{"@context":"https:\/\/schema.org","@graph":[{"@type":"WebPage","@id":"https:\/\/www.lehrer.at\/uno\/ziele-fuer-die-welt\/","url":"https:\/\/www.lehrer.at\/uno\/ziele-fuer-die-welt\/","name":"Ziele f\u00fcr die Welt -","isPartOf":{"@id":"https:\/\/www.lehrer.at\/uno\/#website"},"datePublished":"2023-09-19T08:50:26+00:00","dateModified":"2023-09-28T07:30:10+00:00","breadcrumb":{"@id":"https:\/\/www.lehrer.at\/uno\/ziele-fuer-die-welt\/#breadcrumb"},"inLanguage":"de-AT","potentialAction":[{"@type":"ReadAction","target":["https:\/\/www.lehrer.at\/uno\/ziele-fuer-die-welt\/"]}]},{"@type":"BreadcrumbList","@id":"https:\/\/www.lehrer.at\/uno\/ziele-fuer-die-welt\/#breadcrumb","itemListElement":[{"@type":"ListItem","position":1,"name":"Startseite","item":"https:\/\/www.lehrer.at\/uno\/"},{"@type":"ListItem","position":2,"name":"Ziele f\u00fcr die Welt"}]},{"@type":"WebSite","@id":"https:\/\/www.lehrer.at\/uno\/#website","url":"https:\/\/www.lehrer.at\/uno\/","name":"","description":"","potentialAction":[{"@type":"SearchAction","target":{"@type":"EntryPoint","urlTemplate":"https:\/\/www.lehrer.at\/uno\/?s={search_term_string}"},"query-input":{"@type":"PropertyValueSpecification","valueRequired":true,"valueName":"search_term_string"}}],"inLanguage":"de-AT"}]}},"_links":{"self":[{"href":"https:\/\/www.lehrer.at\/uno\/wp-json\/wp\/v2\/pages\/208","targetHints":{"allow":["GET"]}}],"collection":[{"href":"https:\/\/www.lehrer.at\/uno\/wp-json\/wp\/v2\/pages"}],"about":[{"href":"https:\/\/www.lehrer.at\/uno\/wp-json\/wp\/v2\/types\/page"}],"author":[{"embeddable":true,"href":"https:\/\/www.lehrer.at\/uno\/wp-json\/wp\/v2\/users\/3"}],"replies":[{"embeddable":true,"href":"https:\/\/www.lehrer.at\/uno\/wp-json\/wp\/v2\/comments?post=208"}],"version-history":[{"count":10,"href":"https:\/\/www.lehrer.at\/uno\/wp-json\/wp\/v2\/pages\/208\/revisions"}],"predecessor-version":[{"id":371,"href":"https:\/\/www.lehrer.at\/uno\/wp-json\/wp\/v2\/pages\/208\/revisions\/371"}],"wp:attachment":[{"href":"https:\/\/www.lehrer.at\/uno\/wp-json\/wp\/v2\/media?parent=208"}],"curies":[{"name":"wp","href":"https:\/\/api.w.org\/{rel}","templated":true}]}}