{"id":194,"date":"2023-09-19T08:31:22","date_gmt":"2023-09-19T06:31:22","guid":{"rendered":"https:\/\/www.lehrer.at\/uno\/?page_id=194"},"modified":"2023-09-19T14:12:32","modified_gmt":"2023-09-19T12:12:32","slug":"kinder-haben-rechte","status":"publish","type":"page","link":"https:\/\/www.lehrer.at\/uno\/kinder-haben-rechte\/","title":{"rendered":"Kinder haben Rechte"},"content":{"rendered":"\n<h3 class=\"wp-block-heading\">Kinder haben Rechte <\/h3>\n\n\n\n<p>Diese Materialien unterst\u00fctzen \u00f6sterreichische P\u00e4dagogInnen der Sekundarstufe dabei, ihren Sch\u00fclerInnen Inhalt und Bedeutung der Kinderrechtskonvention im Unterricht n\u00e4herzubringen.<\/p>\n\n\n\n<h4 class=\"wp-block-heading\">Lernziele<\/h4>\n\n\n\n<p>Die Sch\u00fclerInnen<\/p>\n\n\n\n<ul class=\"wp-block-list\">\n<li>werden sich ihrer eigenen W\u00fcnsche und Bed\u00fcrfnisse bewusst und setzen sich mit der Frage auseinander, inwieweit diese erf\u00fcllbar sind.<\/li>\n\n\n\n<li>erkennen, dass nicht nur die W\u00fcnsche und Bed\u00fcrfnisse, sondern auch deren Erf\u00fcllbarkeit je nach sozialer, kultureller und geografischer Herkunft variieren.<\/li>\n\n\n\n<li>erkennen die Notwendigkeit einer weltumspannenden Organisation wie der UNO, um die Erf\u00fcllung der Bed\u00fcrfnisse von Menschen unterschiedlicher Herkunft zu sichern.<\/li>\n\n\n\n<li>lernen die Inhalte der Kinderrechtskonvention kennen und setzen sich mit deren Bedeutung f\u00fcr ihr Leben bzw. das Leben von Kindern und Jugendlichen anderer sozialer, kultureller und\/oder geografischer Herkunft auseinander.<br><\/li>\n<\/ul>\n\n\n\n<div style=\"height:10px\" aria-hidden=\"true\" class=\"wp-block-spacer\"><\/div>\n\n\n\n<figure class=\"wp-block-table aligncenter\" style=\"padding-right:0;padding-left:0\"><table class=\"has-ast-global-color-0-background-color has-background has-border-color has-ast-global-color-5-border-color has-fixed-layout\" style=\"border-width:1px\"><tbody><tr><td class=\"has-text-align-left\" data-align=\"left\"><strong><a href=\"https:\/\/www.lehrer.at\/uno\/wp-content\/uploads\/sites\/11\/2023\/09\/Kinderrechte_li.pdf\" target=\"_blank\" rel=\"noreferrer noopener\">Information f\u00fcr Lehrkr\u00e4fte<\/a><\/strong><\/td><td class=\"has-text-align-left\" data-align=\"left\"><a href=\"https:\/\/www.lehrer.at\/uno\/wp-content\/uploads\/sites\/11\/2023\/09\/Kinderrechte_f1.pdf\" target=\"_blank\" rel=\"noreferrer noopener\"><strong>Folie 1: Nicht ohne?<\/strong><\/a><br>Impulsgeber f\u00fcr ein Brainstorming rund um Lebensnotwendiges<\/td><\/tr><tr><td class=\"has-text-align-left\" data-align=\"left\"><strong><a href=\"https:\/\/www.lehrer.at\/uno\/wp-content\/uploads\/sites\/11\/2023\/09\/Kinderrechte_f2.pdf\" target=\"_blank\" rel=\"noreferrer noopener\">Folie 2: Was ich mir w\u00fcnsche &#8230;<br><\/a><\/strong>Auswahl an fiktiven Zitaten zu W\u00fcnschen Kinder anderer Nationalit\u00e4ten<\/td><td class=\"has-text-align-left\" data-align=\"left\"><strong><a href=\"https:\/\/www.lehrer.at\/uno\/wp-content\/uploads\/sites\/11\/2023\/09\/Kinderrechte_f3.pdf\" target=\"_blank\" rel=\"noreferrer noopener\">Folie 3: 4 Prinzipien<\/a><br><\/strong>Grafische Darstellung der Prinzipien der Kinderrechtskonvention<\/td><\/tr><tr><td class=\"has-text-align-left\" data-align=\"left\"><strong><a href=\"https:\/\/www.lehrer.at\/uno\/wp-content\/uploads\/sites\/11\/2023\/09\/Kinderrechte_f4.pdf\" target=\"_blank\" rel=\"noreferrer noopener\">Folie: 4 Die Kinderrechtskonvention<\/a><br><\/strong>Grafische Darstellung der drei Gruppen von Rechten, die in der Kinderrechtskonvention abgesichert werden<\/td><td class=\"has-text-align-left\" data-align=\"left\"><a href=\"https:\/\/www.lehrer.at\/uno\/wp-content\/uploads\/sites\/11\/2023\/09\/Kinderrechte_ab1.pdf\" target=\"_blank\" rel=\"noreferrer noopener\"><strong>Arbeitsblatt 1: Dein Recht auf &#8230;?<\/strong><\/a><br>\u00dcbung zur Analyse der einzelnen Artikel der Kinderrechtskonvetion<\/td><\/tr><tr><td class=\"has-text-align-left\" data-align=\"left\"><strong><a href=\"https:\/\/www.lehrer.at\/uno\/wp-content\/uploads\/sites\/11\/2023\/09\/Kinderrechte_ab2.pdf\" target=\"_blank\" rel=\"noreferrer noopener\">Arbeitsblatt 2: Fakten!<\/a><br><\/strong>Verschiedene Fakten, zu den einzelnen Bereichen der Kinderrechtskonvention<\/td><td class=\"has-text-align-left\" data-align=\"left\"><a href=\"https:\/\/www.lehrer.at\/uno\/wp-content\/uploads\/sites\/11\/2023\/09\/Kinderrechte_quiz.pdf\" target=\"_blank\" rel=\"noreferrer noopener\"><strong>Quizkarten: Kinder haben Rechte!<\/strong><\/a><strong><br><\/strong>Ein kurzweiliges Quiz zu den wichtigsten Daten und Fakten zu Kinderrechten<\/td><\/tr><\/tbody><\/table><\/figure>\n","protected":false},"excerpt":{"rendered":"<p>Kinder haben Rechte Diese Materialien unterst\u00fctzen \u00f6sterreichische P\u00e4dagogInnen der Sekundarstufe dabei, ihren Sch\u00fclerInnen Inhalt und Bedeutung der Kinderrechtskonvention im Unterricht n\u00e4herzubringen. Lernziele Die Sch\u00fclerInnen Information f\u00fcr Lehrkr\u00e4fte Folie 1: Nicht ohne?Impulsgeber f\u00fcr ein Brainstorming rund um Lebensnotwendiges Folie 2: Was ich mir w\u00fcnsche &#8230;Auswahl an fiktiven Zitaten zu W\u00fcnschen Kinder anderer Nationalit\u00e4ten Folie 3: 4 [&hellip;]<\/p>\n","protected":false},"author":3,"featured_media":0,"parent":0,"menu_order":0,"comment_status":"closed","ping_status":"closed","template":"","meta":{"_acf_changed":false,"site-sidebar-layout":"default","site-content-layout":"","ast-site-content-layout":"default","site-content-style":"default","site-sidebar-style":"default","ast-global-header-display":"","ast-banner-title-visibility":"","ast-main-header-display":"","ast-hfb-above-header-display":"","ast-hfb-below-header-display":"","ast-hfb-mobile-header-display":"","site-post-title":"","ast-breadcrumbs-content":"","ast-featured-img":"","footer-sml-layout":"","theme-transparent-header-meta":"","adv-header-id-meta":"","stick-header-meta":"","header-above-stick-meta":"","header-main-stick-meta":"","header-below-stick-meta":"","astra-migrate-meta-layouts":"default","ast-page-background-enabled":"default","ast-page-background-meta":{"desktop":{"background-color":"var(--ast-global-color-4)","background-image":"","background-repeat":"repeat","background-position":"center center","background-size":"auto","background-attachment":"scroll","background-type":"","background-media":"","overlay-type":"","overlay-color":"","overlay-opacity":"","overlay-gradient":""},"tablet":{"background-color":"","background-image":"","background-repeat":"repeat","background-position":"center center","background-size":"auto","background-attachment":"scroll","background-type":"","background-media":"","overlay-type":"","overlay-color":"","overlay-opacity":"","overlay-gradient":""},"mobile":{"background-color":"","background-image":"","background-repeat":"repeat","background-position":"center center","background-size":"auto","background-attachment":"scroll","background-type":"","background-media":"","overlay-type":"","overlay-color":"","overlay-opacity":"","overlay-gradient":""}},"ast-content-background-meta":{"desktop":{"background-color":"var(--ast-global-color-5)","background-image":"","background-repeat":"repeat","background-position":"center center","background-size":"auto","background-attachment":"scroll","background-type":"","background-media":"","overlay-type":"","overlay-color":"","overlay-opacity":"","overlay-gradient":""},"tablet":{"background-color":"var(--ast-global-color-5)","background-image":"","background-repeat":"repeat","background-position":"center center","background-size":"auto","background-attachment":"scroll","background-type":"","background-media":"","overlay-type":"","overlay-color":"","overlay-opacity":"","overlay-gradient":""},"mobile":{"background-color":"var(--ast-global-color-5)","background-image":"","background-repeat":"repeat","background-position":"center center","background-size":"auto","background-attachment":"scroll","background-type":"","background-media":"","overlay-type":"","overlay-color":"","overlay-opacity":"","overlay-gradient":""}},"footnotes":""},"class_list":["post-194","page","type-page","status-publish","hentry"],"acf":[],"yoast_head":"<!-- This site is optimized with the Yoast SEO plugin v27.0 - https:\/\/yoast.com\/product\/yoast-seo-wordpress\/ -->\n<title>Kinder haben Rechte -<\/title>\n<meta name=\"robots\" content=\"index, follow, max-snippet:-1, max-image-preview:large, max-video-preview:-1\" \/>\n<link rel=\"canonical\" href=\"https:\/\/www.lehrer.at\/uno\/kinder-haben-rechte\/\" \/>\n<meta property=\"og:locale\" content=\"de_DE\" \/>\n<meta property=\"og:type\" content=\"article\" \/>\n<meta property=\"og:title\" content=\"Kinder haben Rechte -\" \/>\n<meta property=\"og:description\" content=\"Kinder haben Rechte Diese Materialien unterst\u00fctzen \u00f6sterreichische P\u00e4dagogInnen der Sekundarstufe dabei, ihren Sch\u00fclerInnen Inhalt und Bedeutung der Kinderrechtskonvention im Unterricht n\u00e4herzubringen. Lernziele Die Sch\u00fclerInnen Information f\u00fcr Lehrkr\u00e4fte Folie 1: Nicht ohne?Impulsgeber f\u00fcr ein Brainstorming rund um Lebensnotwendiges Folie 2: Was ich mir w\u00fcnsche &#8230;Auswahl an fiktiven Zitaten zu W\u00fcnschen Kinder anderer Nationalit\u00e4ten Folie 3: 4 [&hellip;]\" \/>\n<meta property=\"og:url\" content=\"https:\/\/www.lehrer.at\/uno\/kinder-haben-rechte\/\" \/>\n<meta property=\"article:modified_time\" content=\"2023-09-19T12:12:32+00:00\" \/>\n<meta name=\"twitter:card\" content=\"summary_large_image\" \/>\n<meta name=\"twitter:label1\" content=\"Gesch\u00e4tzte Lesezeit\" \/>\n\t<meta name=\"twitter:data1\" content=\"1 Minute\" \/>\n<script type=\"application\/ld+json\" class=\"yoast-schema-graph\">{\"@context\":\"https:\/\/schema.org\",\"@graph\":[{\"@type\":\"WebPage\",\"@id\":\"https:\/\/www.lehrer.at\/uno\/kinder-haben-rechte\/\",\"url\":\"https:\/\/www.lehrer.at\/uno\/kinder-haben-rechte\/\",\"name\":\"Kinder haben Rechte -\",\"isPartOf\":{\"@id\":\"https:\/\/www.lehrer.at\/uno\/#website\"},\"datePublished\":\"2023-09-19T06:31:22+00:00\",\"dateModified\":\"2023-09-19T12:12:32+00:00\",\"breadcrumb\":{\"@id\":\"https:\/\/www.lehrer.at\/uno\/kinder-haben-rechte\/#breadcrumb\"},\"inLanguage\":\"de-AT\",\"potentialAction\":[{\"@type\":\"ReadAction\",\"target\":[\"https:\/\/www.lehrer.at\/uno\/kinder-haben-rechte\/\"]}]},{\"@type\":\"BreadcrumbList\",\"@id\":\"https:\/\/www.lehrer.at\/uno\/kinder-haben-rechte\/#breadcrumb\",\"itemListElement\":[{\"@type\":\"ListItem\",\"position\":1,\"name\":\"Startseite\",\"item\":\"https:\/\/www.lehrer.at\/uno\/\"},{\"@type\":\"ListItem\",\"position\":2,\"name\":\"Kinder haben Rechte\"}]},{\"@type\":\"WebSite\",\"@id\":\"https:\/\/www.lehrer.at\/uno\/#website\",\"url\":\"https:\/\/www.lehrer.at\/uno\/\",\"name\":\"\",\"description\":\"\",\"potentialAction\":[{\"@type\":\"SearchAction\",\"target\":{\"@type\":\"EntryPoint\",\"urlTemplate\":\"https:\/\/www.lehrer.at\/uno\/?s={search_term_string}\"},\"query-input\":{\"@type\":\"PropertyValueSpecification\",\"valueRequired\":true,\"valueName\":\"search_term_string\"}}],\"inLanguage\":\"de-AT\"}]}<\/script>\n<!-- \/ Yoast SEO plugin. -->","yoast_head_json":{"title":"Kinder haben Rechte -","robots":{"index":"index","follow":"follow","max-snippet":"max-snippet:-1","max-image-preview":"max-image-preview:large","max-video-preview":"max-video-preview:-1"},"canonical":"https:\/\/www.lehrer.at\/uno\/kinder-haben-rechte\/","og_locale":"de_DE","og_type":"article","og_title":"Kinder haben Rechte -","og_description":"Kinder haben Rechte Diese Materialien unterst\u00fctzen \u00f6sterreichische P\u00e4dagogInnen der Sekundarstufe dabei, ihren Sch\u00fclerInnen Inhalt und Bedeutung der Kinderrechtskonvention im Unterricht n\u00e4herzubringen. Lernziele Die Sch\u00fclerInnen Information f\u00fcr Lehrkr\u00e4fte Folie 1: Nicht ohne?Impulsgeber f\u00fcr ein Brainstorming rund um Lebensnotwendiges Folie 2: Was ich mir w\u00fcnsche &#8230;Auswahl an fiktiven Zitaten zu W\u00fcnschen Kinder anderer Nationalit\u00e4ten Folie 3: 4 [&hellip;]","og_url":"https:\/\/www.lehrer.at\/uno\/kinder-haben-rechte\/","article_modified_time":"2023-09-19T12:12:32+00:00","twitter_card":"summary_large_image","twitter_misc":{"Gesch\u00e4tzte Lesezeit":"1 Minute"},"schema":{"@context":"https:\/\/schema.org","@graph":[{"@type":"WebPage","@id":"https:\/\/www.lehrer.at\/uno\/kinder-haben-rechte\/","url":"https:\/\/www.lehrer.at\/uno\/kinder-haben-rechte\/","name":"Kinder haben Rechte -","isPartOf":{"@id":"https:\/\/www.lehrer.at\/uno\/#website"},"datePublished":"2023-09-19T06:31:22+00:00","dateModified":"2023-09-19T12:12:32+00:00","breadcrumb":{"@id":"https:\/\/www.lehrer.at\/uno\/kinder-haben-rechte\/#breadcrumb"},"inLanguage":"de-AT","potentialAction":[{"@type":"ReadAction","target":["https:\/\/www.lehrer.at\/uno\/kinder-haben-rechte\/"]}]},{"@type":"BreadcrumbList","@id":"https:\/\/www.lehrer.at\/uno\/kinder-haben-rechte\/#breadcrumb","itemListElement":[{"@type":"ListItem","position":1,"name":"Startseite","item":"https:\/\/www.lehrer.at\/uno\/"},{"@type":"ListItem","position":2,"name":"Kinder haben Rechte"}]},{"@type":"WebSite","@id":"https:\/\/www.lehrer.at\/uno\/#website","url":"https:\/\/www.lehrer.at\/uno\/","name":"","description":"","potentialAction":[{"@type":"SearchAction","target":{"@type":"EntryPoint","urlTemplate":"https:\/\/www.lehrer.at\/uno\/?s={search_term_string}"},"query-input":{"@type":"PropertyValueSpecification","valueRequired":true,"valueName":"search_term_string"}}],"inLanguage":"de-AT"}]}},"_links":{"self":[{"href":"https:\/\/www.lehrer.at\/uno\/wp-json\/wp\/v2\/pages\/194","targetHints":{"allow":["GET"]}}],"collection":[{"href":"https:\/\/www.lehrer.at\/uno\/wp-json\/wp\/v2\/pages"}],"about":[{"href":"https:\/\/www.lehrer.at\/uno\/wp-json\/wp\/v2\/types\/page"}],"author":[{"embeddable":true,"href":"https:\/\/www.lehrer.at\/uno\/wp-json\/wp\/v2\/users\/3"}],"replies":[{"embeddable":true,"href":"https:\/\/www.lehrer.at\/uno\/wp-json\/wp\/v2\/comments?post=194"}],"version-history":[{"count":10,"href":"https:\/\/www.lehrer.at\/uno\/wp-json\/wp\/v2\/pages\/194\/revisions"}],"predecessor-version":[{"id":301,"href":"https:\/\/www.lehrer.at\/uno\/wp-json\/wp\/v2\/pages\/194\/revisions\/301"}],"wp:attachment":[{"href":"https:\/\/www.lehrer.at\/uno\/wp-json\/wp\/v2\/media?parent=194"}],"curies":[{"name":"wp","href":"https:\/\/api.w.org\/{rel}","templated":true}]}}

<h3 class="wp-block-heading">Kinder haben Rechte </h3>



<p>Diese Materialien unterstützen österreichische PädagogInnen der Sekundarstufe dabei, ihren SchülerInnen Inhalt und Bedeutung der Kinderrechtskonvention im Unterricht näherzubringen.</p>



<h4 class="wp-block-heading">Lernziele</h4>



<p>Die SchülerInnen</p>



<ul class="wp-block-list">
<li>werden sich ihrer eigenen Wünsche und Bedürfnisse bewusst und setzen sich mit der Frage auseinander, inwieweit diese erfüllbar sind.</li>



<li>erkennen, dass nicht nur die Wünsche und Bedürfnisse, sondern auch deren Erfüllbarkeit je nach sozialer, kultureller und geografischer Herkunft variieren.</li>



<li>erkennen die Notwendigkeit einer weltumspannenden Organisation wie der UNO, um die Erfüllung der Bedürfnisse von Menschen unterschiedlicher Herkunft zu sichern.</li>



<li>lernen die Inhalte der Kinderrechtskonvention kennen und setzen sich mit deren Bedeutung für ihr Leben bzw. das Leben von Kindern und Jugendlichen anderer sozialer, kultureller und/oder geografischer Herkunft auseinander.<br></li>
</ul>



<div style="height:10px" aria-hidden="true" class="wp-block-spacer"></div>



<figure class="wp-block-table aligncenter" style="padding-right:0;padding-left:0"><table class="has-ast-global-color-0-background-color has-background has-border-color has-ast-global-color-5-border-color has-fixed-layout" style="border-width:1px"><tbody><tr><td class="has-text-align-left" data-align="left"><strong><a href="https://www.lehrer.at/uno/wp-content/uploads/sites/11/2023/09/Kinderrechte_li.pdf" target="_blank" rel="noreferrer noopener">Information für Lehrkräfte</a></strong></td><td class="has-text-align-left" data-align="left"><a href="https://www.lehrer.at/uno/wp-content/uploads/sites/11/2023/09/Kinderrechte_f1.pdf" target="_blank" rel="noreferrer noopener"><strong>Folie 1: Nicht ohne?</strong></a><br>Impulsgeber für ein Brainstorming rund um Lebensnotwendiges</td></tr><tr><td class="has-text-align-left" data-align="left"><strong><a href="https://www.lehrer.at/uno/wp-content/uploads/sites/11/2023/09/Kinderrechte_f2.pdf" target="_blank" rel="noreferrer noopener">Folie 2: Was ich mir wünsche &#8230;<br></a></strong>Auswahl an fiktiven Zitaten zu Wünschen Kinder anderer Nationalitäten</td><td class="has-text-align-left" data-align="left"><strong><a href="https://www.lehrer.at/uno/wp-content/uploads/sites/11/2023/09/Kinderrechte_f3.pdf" target="_blank" rel="noreferrer noopener">Folie 3: 4 Prinzipien</a><br></strong>Grafische Darstellung der Prinzipien der Kinderrechtskonvention</td></tr><tr><td class="has-text-align-left" data-align="left"><strong><a href="https://www.lehrer.at/uno/wp-content/uploads/sites/11/2023/09/Kinderrechte_f4.pdf" target="_blank" rel="noreferrer noopener">Folie: 4 Die Kinderrechtskonvention</a><br></strong>Grafische Darstellung der drei Gruppen von Rechten, die in der Kinderrechtskonvention abgesichert werden</td><td class="has-text-align-left" data-align="left"><a href="https://www.lehrer.at/uno/wp-content/uploads/sites/11/2023/09/Kinderrechte_ab1.pdf" target="_blank" rel="noreferrer noopener"><strong>Arbeitsblatt 1: Dein Recht auf &#8230;?</strong></a><br>Übung zur Analyse der einzelnen Artikel der Kinderrechtskonvetion</td></tr><tr><td class="has-text-align-left" data-align="left"><strong><a href="https://www.lehrer.at/uno/wp-content/uploads/sites/11/2023/09/Kinderrechte_ab2.pdf" target="_blank" rel="noreferrer noopener">Arbeitsblatt 2: Fakten!</a><br></strong>Verschiedene Fakten, zu den einzelnen Bereichen der Kinderrechtskonvention</td><td class="has-text-align-left" data-align="left"><a href="https://www.lehrer.at/uno/wp-content/uploads/sites/11/2023/09/Kinderrechte_quiz.pdf" target="_blank" rel="noreferrer noopener"><strong>Quizkarten: Kinder haben Rechte!</strong></a><strong><br></strong>Ein kurzweiliges Quiz zu den wichtigsten Daten und Fakten zu Kinderrechten</td></tr></tbody></table></figure>

<p>Kinder haben Rechte Diese Materialien unterstützen österreichische PädagogInnen der Sekundarstufe dabei, ihren SchülerInnen Inhalt und Bedeutung der Kinderrechtskonvention im Unterricht näherzubringen. Lernziele Die SchülerInnen Information für Lehrkräfte Folie 1: Nicht ohne?Impulsgeber für ein Brainstorming rund um Lebensnotwendiges Folie 2: Was ich mir wünsche &#8230;Auswahl an fiktiven Zitaten zu Wünschen Kinder anderer Nationalitäten Folie 3: 4 [&hellip;]</p>

<!-- This site is optimized with the Yoast SEO plugin v27.0 - https://yoast.com/product/yoast-seo-wordpress/ -->
<title>Kinder haben Rechte -</title>
<meta name="robots" content="index, follow, max-snippet:-1, max-image-preview:large, max-video-preview:-1" />
<link rel="canonical" href="https://www.lehrer.at/uno/kinder-haben-rechte/" />
<meta property="og:locale" content="de_DE" />
<meta property="og:type" content="article" />
<meta property="og:title" content="Kinder haben Rechte -" />
<meta property="og:description" content="Kinder haben Rechte Diese Materialien unterstützen österreichische PädagogInnen der Sekundarstufe dabei, ihren SchülerInnen Inhalt und Bedeutung der Kinderrechtskonvention im Unterricht näherzubringen. Lernziele Die SchülerInnen Information für Lehrkräfte Folie 1: Nicht ohne?Impulsgeber für ein Brainstorming rund um Lebensnotwendiges Folie 2: Was ich mir wünsche &#8230;Auswahl an fiktiven Zitaten zu Wünschen Kinder anderer Nationalitäten Folie 3: 4 [&hellip;]" />
<meta property="og:url" content="https://www.lehrer.at/uno/kinder-haben-rechte/" />
<meta property="article:modified_time" content="2023-09-19T12:12:32+00:00" />
<meta name="twitter:card" content="summary_large_image" />
<meta name="twitter:label1" content="Geschätzte Lesezeit" />
	<meta name="twitter:data1" content="1 Minute" />
<script type="application/ld+json" class="yoast-schema-graph">{"@context":"https://schema.org","@graph":[{"@type":"WebPage","@id":"https://www.lehrer.at/uno/kinder-haben-rechte/","url":"https://www.lehrer.at/uno/kinder-haben-rechte/","name":"Kinder haben Rechte -","isPartOf":{"@id":"https://www.lehrer.at/uno/#website"},"datePublished":"2023-09-19T06:31:22+00:00","dateModified":"2023-09-19T12:12:32+00:00","breadcrumb":{"@id":"https://www.lehrer.at/uno/kinder-haben-rechte/#breadcrumb"},"inLanguage":"de-AT","potentialAction":[{"@type":"ReadAction","target":["https://www.lehrer.at/uno/kinder-haben-rechte/"]}]},{"@type":"BreadcrumbList","@id":"https://www.lehrer.at/uno/kinder-haben-rechte/#breadcrumb","itemListElement":[{"@type":"ListItem","position":1,"name":"Startseite","item":"https://www.lehrer.at/uno/"},{"@type":"ListItem","position":2,"name":"Kinder haben Rechte"}]},{"@type":"WebSite","@id":"https://www.lehrer.at/uno/#website","url":"https://www.lehrer.at/uno/","name":"","description":"","potentialAction":[{"@type":"SearchAction","target":{"@type":"EntryPoint","urlTemplate":"https://www.lehrer.at/uno/?s={search_term_string}"},"query-input":{"@type":"PropertyValueSpecification","valueRequired":true,"valueName":"search_term_string"}}],"inLanguage":"de-AT"}]}</script>
<!-- / Yoast SEO plugin. -->

Kinder haben Rechte Diese Materialien unterstützen österreichische PädagogInnen der Sekundarstufe dabei, ihren SchülerInnen Inhalt und Bedeutung der Kinderrechtskonvention im Unterricht näherzubringen. Lernziele Die SchülerInnen Information für Lehrkräfte Folie 1: Nicht ohne?Impulsgeber für ein Brainstorming rund um Lebensnotwendiges Folie 2: Was ich mir wünsche &#8230;Auswahl an fiktiven Zitaten zu Wünschen Kinder anderer Nationalitäten Folie 3: 4 [&hellip;]
