{"id":16,"date":"2021-05-28T16:11:27","date_gmt":"2021-05-28T14:11:27","guid":{"rendered":"https:\/\/www.lehrer.at\/remise\/?page_id=16"},"modified":"2025-01-20T14:03:32","modified_gmt":"2025-01-20T13:03:32","slug":"lehrausgaenge","status":"publish","type":"page","link":"https:\/\/www.lehrer.at\/remise\/lehrausgaenge\/","title":{"rendered":"Lehrausg\u00e4nge"},"content":{"rendered":"\n<h1 class=\"wp-block-heading\">Die Geschichte der \u00d6ffis interaktiv erleben<\/h1>\n\n\n\n<p>Lassen Sie sich durch die spannende Verkehrsgeschichte Wiens f\u00fchren und erleben Sie mit Ihren Sch\u00fclerInnen hautnah, wie der \u00f6ffentliche Verkehr das Leben in der<br>Stadt damals und heute beeinflusst (hat).&nbsp;<\/p>\n\n\n\n<p><strong>Wichtige Infos f\u00fcr Ihre Planung:&nbsp;<\/strong><\/p>\n\n\n\n<ul class=\"wp-block-list\">\n<li>Personenzahl: bis zu 25 Personen<\/li>\n\n\n\n<li>Dauer: 1,5 Stunde<\/li>\n\n\n\n<li>Montag bis Freitag 9-13 Uhr \u2022 Samstag und Sonntag 10-16:00 Uhr <\/li>\n\n\n\n<li>Sch\u00fclergruppen (Kinder von 6 bis 15 Jahren) mit zwei Begleitpersonen zahlen pauschal EUR 45,00.<\/li>\n<\/ul>\n\n\n\n<p><strong>Anmeldung\u00a0<\/strong><br>Bitte melden Sie sich per E-Mail an.\u00a0<br>E-Mail:\u00a0<a href=\"http:\/\/www.lehrer.at\/remise\/remise@wienerlinien.at\" target=\"_blank\" rel=\"noreferrer noopener\">remise@wienerlinien.at\u00a0<\/a><br>Tel.: (01) 7909 46803\u00a0<\/p>\n","protected":false},"excerpt":{"rendered":"<p>Die Geschichte der \u00d6ffis interaktiv erleben Lassen Sie sich durch die spannende Verkehrsgeschichte Wiens f\u00fchren und erleben Sie mit Ihren Sch\u00fclerInnen hautnah, wie der \u00f6ffentliche Verkehr das Leben in derStadt damals und heute beeinflusst (hat).&nbsp; Wichtige Infos f\u00fcr Ihre Planung:&nbsp; Anmeldung\u00a0Bitte melden Sie sich per E-Mail an.\u00a0E-Mail:\u00a0remise@wienerlinien.at\u00a0Tel.: (01) 7909 46803\u00a0<\/p>\n","protected":false},"author":1,"featured_media":0,"parent":0,"menu_order":0,"comment_status":"closed","ping_status":"closed","template":"","meta":{"_acf_changed":false,"footnotes":""},"class_list":["post-16","page","type-page","status-publish","hentry"],"acf":[],"yoast_head":"<!-- This site is optimized with the Yoast SEO plugin v27.0 - https:\/\/yoast.com\/product\/yoast-seo-wordpress\/ -->\n<title>Lehrausg\u00e4nge - Remise<\/title>\n<meta name=\"robots\" content=\"index, follow, max-snippet:-1, max-image-preview:large, max-video-preview:-1\" \/>\n<link rel=\"canonical\" href=\"https:\/\/www.lehrer.at\/remise\/lehrausgaenge\/\" \/>\n<meta property=\"og:locale\" content=\"de_DE\" \/>\n<meta property=\"og:type\" content=\"article\" \/>\n<meta property=\"og:title\" content=\"Lehrausg\u00e4nge - Remise\" \/>\n<meta property=\"og:description\" content=\"Die Geschichte der \u00d6ffis interaktiv erleben Lassen Sie sich durch die spannende Verkehrsgeschichte Wiens f\u00fchren und erleben Sie mit Ihren Sch\u00fclerInnen hautnah, wie der \u00f6ffentliche Verkehr das Leben in derStadt damals und heute beeinflusst (hat).&nbsp; Wichtige Infos f\u00fcr Ihre Planung:&nbsp; Anmeldung\u00a0Bitte melden Sie sich per E-Mail an.\u00a0E-Mail:\u00a0remise@wienerlinien.at\u00a0Tel.: (01) 7909 46803\u00a0\" \/>\n<meta property=\"og:url\" content=\"https:\/\/www.lehrer.at\/remise\/lehrausgaenge\/\" \/>\n<meta property=\"og:site_name\" content=\"Remise\" \/>\n<meta property=\"article:modified_time\" content=\"2025-01-20T13:03:32+00:00\" \/>\n<meta name=\"twitter:card\" content=\"summary_large_image\" \/>\n<script type=\"application\/ld+json\" class=\"yoast-schema-graph\">{\"@context\":\"https:\/\/schema.org\",\"@graph\":[{\"@type\":\"WebPage\",\"@id\":\"https:\/\/www.lehrer.at\/remise\/lehrausgaenge\/\",\"url\":\"https:\/\/www.lehrer.at\/remise\/lehrausgaenge\/\",\"name\":\"Lehrausg\u00e4nge - Remise\",\"isPartOf\":{\"@id\":\"https:\/\/www.lehrer.at\/remise\/#website\"},\"datePublished\":\"2021-05-28T14:11:27+00:00\",\"dateModified\":\"2025-01-20T13:03:32+00:00\",\"breadcrumb\":{\"@id\":\"https:\/\/www.lehrer.at\/remise\/lehrausgaenge\/#breadcrumb\"},\"inLanguage\":\"de-AT\",\"potentialAction\":[{\"@type\":\"ReadAction\",\"target\":[\"https:\/\/www.lehrer.at\/remise\/lehrausgaenge\/\"]}]},{\"@type\":\"BreadcrumbList\",\"@id\":\"https:\/\/www.lehrer.at\/remise\/lehrausgaenge\/#breadcrumb\",\"itemListElement\":[{\"@type\":\"ListItem\",\"position\":1,\"name\":\"Startseite\",\"item\":\"https:\/\/www.lehrer.at\/remise\/\"},{\"@type\":\"ListItem\",\"position\":2,\"name\":\"Lehrausg\u00e4nge\"}]},{\"@type\":\"WebSite\",\"@id\":\"https:\/\/www.lehrer.at\/remise\/#website\",\"url\":\"https:\/\/www.lehrer.at\/remise\/\",\"name\":\"Remise\",\"description\":\"Zeitreise mit Wiener \u00d6ffis\",\"potentialAction\":[{\"@type\":\"SearchAction\",\"target\":{\"@type\":\"EntryPoint\",\"urlTemplate\":\"https:\/\/www.lehrer.at\/remise\/?s={search_term_string}\"},\"query-input\":{\"@type\":\"PropertyValueSpecification\",\"valueRequired\":true,\"valueName\":\"search_term_string\"}}],\"inLanguage\":\"de-AT\"}]}<\/script>\n<!-- \/ Yoast SEO plugin. -->","yoast_head_json":{"title":"Lehrausg\u00e4nge - Remise","robots":{"index":"index","follow":"follow","max-snippet":"max-snippet:-1","max-image-preview":"max-image-preview:large","max-video-preview":"max-video-preview:-1"},"canonical":"https:\/\/www.lehrer.at\/remise\/lehrausgaenge\/","og_locale":"de_DE","og_type":"article","og_title":"Lehrausg\u00e4nge - Remise","og_description":"Die Geschichte der \u00d6ffis interaktiv erleben Lassen Sie sich durch die spannende Verkehrsgeschichte Wiens f\u00fchren und erleben Sie mit Ihren Sch\u00fclerInnen hautnah, wie der \u00f6ffentliche Verkehr das Leben in derStadt damals und heute beeinflusst (hat).&nbsp; Wichtige Infos f\u00fcr Ihre Planung:&nbsp; Anmeldung\u00a0Bitte melden Sie sich per E-Mail an.\u00a0E-Mail:\u00a0remise@wienerlinien.at\u00a0Tel.: (01) 7909 46803\u00a0","og_url":"https:\/\/www.lehrer.at\/remise\/lehrausgaenge\/","og_site_name":"Remise","article_modified_time":"2025-01-20T13:03:32+00:00","twitter_card":"summary_large_image","schema":{"@context":"https:\/\/schema.org","@graph":[{"@type":"WebPage","@id":"https:\/\/www.lehrer.at\/remise\/lehrausgaenge\/","url":"https:\/\/www.lehrer.at\/remise\/lehrausgaenge\/","name":"Lehrausg\u00e4nge - Remise","isPartOf":{"@id":"https:\/\/www.lehrer.at\/remise\/#website"},"datePublished":"2021-05-28T14:11:27+00:00","dateModified":"2025-01-20T13:03:32+00:00","breadcrumb":{"@id":"https:\/\/www.lehrer.at\/remise\/lehrausgaenge\/#breadcrumb"},"inLanguage":"de-AT","potentialAction":[{"@type":"ReadAction","target":["https:\/\/www.lehrer.at\/remise\/lehrausgaenge\/"]}]},{"@type":"BreadcrumbList","@id":"https:\/\/www.lehrer.at\/remise\/lehrausgaenge\/#breadcrumb","itemListElement":[{"@type":"ListItem","position":1,"name":"Startseite","item":"https:\/\/www.lehrer.at\/remise\/"},{"@type":"ListItem","position":2,"name":"Lehrausg\u00e4nge"}]},{"@type":"WebSite","@id":"https:\/\/www.lehrer.at\/remise\/#website","url":"https:\/\/www.lehrer.at\/remise\/","name":"Remise","description":"Zeitreise mit Wiener \u00d6ffis","potentialAction":[{"@type":"SearchAction","target":{"@type":"EntryPoint","urlTemplate":"https:\/\/www.lehrer.at\/remise\/?s={search_term_string}"},"query-input":{"@type":"PropertyValueSpecification","valueRequired":true,"valueName":"search_term_string"}}],"inLanguage":"de-AT"}]}},"_links":{"self":[{"href":"https:\/\/www.lehrer.at\/remise\/wp-json\/wp\/v2\/pages\/16","targetHints":{"allow":["GET"]}}],"collection":[{"href":"https:\/\/www.lehrer.at\/remise\/wp-json\/wp\/v2\/pages"}],"about":[{"href":"https:\/\/www.lehrer.at\/remise\/wp-json\/wp\/v2\/types\/page"}],"author":[{"embeddable":true,"href":"https:\/\/www.lehrer.at\/remise\/wp-json\/wp\/v2\/users\/1"}],"replies":[{"embeddable":true,"href":"https:\/\/www.lehrer.at\/remise\/wp-json\/wp\/v2\/comments?post=16"}],"version-history":[{"count":3,"href":"https:\/\/www.lehrer.at\/remise\/wp-json\/wp\/v2\/pages\/16\/revisions"}],"predecessor-version":[{"id":201,"href":"https:\/\/www.lehrer.at\/remise\/wp-json\/wp\/v2\/pages\/16\/revisions\/201"}],"wp:attachment":[{"href":"https:\/\/www.lehrer.at\/remise\/wp-json\/wp\/v2\/media?parent=16"}],"curies":[{"name":"wp","href":"https:\/\/api.w.org\/{rel}","templated":true}]}}